14) - -22
10
Calculate (20 - (-3 - -28)) + 13.
8
Calculate 16 + -11 + -10 - -1.
-4
What is the value of 13 + -3 - 1 - (19 - -10)?
-20
What is the value of 0 + (-19 - (-11 - (-38 - -19)))?
-27
Calculate 11 - (-8 - -8 - (-6 + -19)).
-14
Calculate (21 - 24) + -1 + (4 - 10).
-10
Evaluate 40 - 38 - (-13 + 27).
-12
Evaluate -18 - (-17 - (-33 + 42)).
8
0 + -1 + 4 + -9
-6
Calculate (3 - 1) + -25 + (13 - (-2 + 12)).
-20
What is 31 + -13 + -4 + 5?
19
33 - (-19 - (-38 + -16))
-2
Evaluate 20 - (41 + -1 + -5).
-15
Calculate -14 - (-6 + 13 - 1).
-20
0 + -12 + 2 + 9
-1
Calculate (3 - 3) + -6 + (6 - 1).
-1
Evaluate -25 - (-1 - -9 - (62 + -21 + -29)).
-21
Calculate -40 + (34 - (-49 + 39)).
4
What is the value of 0 + 0 - ((-20 - -52) + -23)?
-9
What is the value of 164 + -162 + (-8 - 0)?
-6
Evaluate -30 - -16 - -10 - (-1 - -4).
-7
Calculate -1 - (4 - 0) - (-291 - -276).
10
(-3 - (11 - (18 + -1))) + 7
10
Evaluate -1 - -9 - (-13 + (9 - -32)).
-20
What is the value of (4 - 5) + 40 + -20?
19
-4 - (23 + -15 + -11 - (1 + -5))
-5
3 + 4 - (13 - -15)
-21
Evaluate (23 - (18 + -6)) + (-5 - 4).
2
What is the value of 6 + (-13 - 2 - (-8 + 0)) - 17?
-18
Evaluate -13 + -13 + 20 - 14.
-20
What is the value of 341 + -310 - (15 - 1)?
17
What is 14 + -29 + 10 - -24 - -4?
23
What is the value of -5 + (1 + -6 + 2 + 4 - -4)?
0
(-2 + 9 - -14) + (-2 - 3)
16
Calculate 32 - (-4 + 4 - 2 - -5 - 0).
29
Evaluate (45 - 12) + (13 - 41).
5
What is -2 - (-10 + (6 - -3) + 5) - 15?
-21
What is the value of -22 - (-11 - -18 - 14)?
-15
(30 - 16) + -16 + 22
20
-1 + 4 + -11 + (-88 - -86)
-10
What is the value of 14 + (-2 - -3 - 6) + -5 - 5?
-1
Evaluate (-2 - -1) + (-1 - 9) + 11 + -11.
-11
What is -7 - ((37 + -14 - 32) + -12 + 1)?
13
Calculate -3 + -2 + -31 + (51 - 54) + 10.
-29
Calculate -97 - (-46 - 1) - -18.
-32
What is the value of -2 + -15 + (20 - 1)?
2
What is -6 - (-14 - -35) - ((-7 - 2) + 4)?
-22
What is the value of 0 + 14 - (70 + -55)?
-1
What is (-131 - -123) + 3 + -1 + 2?
-4
Evaluate ((-9 - 0) + (5 - 0) - -4) + 0.
0
What is the value of (-2 - -18 - -1) + (12 - 10 - 6)?
13
What is 11 + -7 + 1 - 8?
-3
What is the value of 0 - -6 - (4 + (23 - (28 + -9)))?
-2
149 - 135 - (12 + 0) - 0
2
Evaluate (-2 - -13) + 10 + (-2 - 6).
13
Evaluate (10 - (-2 + 8)) + -7 + -21.
-24
(-11 - (1 - 8)) + (-8 - -2)
-10
Evaluate -3 + 4 + 2 + -15 + 9 + -20.
-23
Calculate 8 + (9 - 9) - 12 - 4.
-8
Calculate (84 - 43) + -6 + (-5 - 2 - 2).
26
8 + 2 - ((-4 - -4) + 1)
9
Calculate -1 + -2 - ((-18 - -9) + -1).
7
Evaluate 1257 - 1268 - ((-2 - (-2 + -2)) + -29).
16
-2 + -21 + 2 + -2 + 3 + -1
-21
(-1 - 8 - (231 + -238)) + 1
-1
What is 10 + 9 + -23 + 10 + -9 + 9?
6
Calculate -16 + -1 + 45 + -35.
-7
Calculate -23 - (-18 - (-11 - -4)) - 19.
-31
Evaluate -131 - -117 - (-9 - (-2 - 3)).
-10
What is the value of (112 - 118) + 0 + 1?
-5
-7 - (6 - (8 + 4) - -10)
-11
Calculate (-17 + 11 - -29) + -36.
-13
7 + (-210 + 192 - (-10 - 1))
0
What is the value of (9 - (3 - 1)) + 5?
12
What is the value of 27 - (-3 - (5 - 22))?
13
Evaluate 1 - (0 - 6) - 12 - (12 - 0).
-17
Evaluate 1 + 0 + (16 - 8).
9
What is the value of -16 + 4 + -5 + 11 + -3 + -1?
-10
0 + -12 + (-68 - -23 - -47)
-10
What is the value of 0 + -6 + (-1 - 0) + (-26 - -28)?
-5
What is the value of -8 - -5 - (-1 - (8 - (-2 + -1)))?
9
What is 12 + (-12 - ((-25 - 9) + 3)) + 1?
32
What is -8 + 6 + (-1 - (2 + -1))?
-4
What is (-1 + 0 + 9 - 0) + (-5 - -20)?
23
What is (-20 - -6) + 5 + 1 + (15 - 21)?
-14
Calculate (0 - 15 - -26) + -12.
-1
7 - 4 - -7 - (17 - -3)
-10
Evaluate -1 + (-1 - 1) - (182 + -182).
-3
What is 8 - ((-63 - -32) + 55)?
-16
Evaluate 1 + (2 - 0) + (-227 - -221) + 30.
27
(-5 - ((9 - 8) + -9)) + 7 + 2
12
Calculate 0 - (-11 + 15 + -18).
14
Evaluate (12 - 18) + 18 - 15.
-3
Evaluate (-12 - -18) + 1 - -1.
8
What is -15 + 2 + 3 - -11?
1
What is the value of -3 + -3 + 3 + 5 + (-50 - -32)?
-16
Calculate -3 - (-2 + (-2 - -14) + -4).
-9
What is the value of 25 - 0 - (381 + -381)?
25
What is 1 - (-34 + 13 - -10)?
12
Evaluate 13 - (-11 + 16 + -3) - (2 + 2).
7
-16 + 7 + (3 - -10) + 8
12
What is the value of (-1 + 5 + -4 - -5) + -44 + 18?
-21
What is 14 + -11 + (-10 - (-6 - 16))?
15
-3 - (-19 - (-6 - 2)) - (0 + 10)
-2
Evaluate 2 + 8 - (47 - 43 - (-1 - -1)).
6
Calculate -19 - (12 + -28) - -8.
5
Calculate (-11 + 26 - (6 - 2)) + -12.
-1
-10 - (-6 - 6) - 24 - -7
-15
What is -11 + (4 - -17) + (10 - -8)?
28
3 - (6 - (-10 + 14))
1
What is the value of (-59 - -55) + -1 + -1 + 1 + -4?
-9
What is (-2 - -13) + (8 - -2) + -32 + 21?
10
Calculate 11 + 2 + -26 + 6 + -1.
-8
Calculate 0 - ((11 - 10) + -4 + -2).
5
(-2 + (1 - -3) - (115 + -122)) + 7
16
(2 - 4 - 4 - -18) + -6
6
Calculate (112 - 95) + (1 - 8).
10
Evaluate (15 - 5) + (2 - 4) + 10.
18
Evaluate (-1 - (2 - -2) - -14) + -18 + 1.
-8
What is 13 + -10 + (-10 - -17) - -1?
11
What is the value of 10 - (-19 - -34 - -7)?
-12
Evaluate (6 - (23 - -15)) + 13.
-19
Calculate 0 - (3 - -3 - -5).
-11
Evaluate -7 + (1 - -1) - (16 + -1 + 12).
-32
What is (-1 - -26) + -12 + -27?
-14
Calculate 0 - (4 - 10 - (-3 + -18) - 3).
-12
What is -12 - -22 - 0 - (22 - (5 - -5))?
-2
Evaluate (4 - ((-8 - -7) + 2)) + 6.
9
What is (2 - (23 - 29)) + -23?
-15
-3 + (3 - (-12 + 6)) - 14
-8
What is the value of (-27 - -16) + 11 + 17?
17
7 - (-3 + (-4 - (-22 - -4)) + -4)
0
4 - (-4 + 8 + -3 + 2 + -10)
11
(11 + -20 - 0) + 2
-7
What is the value of -37 - (1 + (5 - 0) - (1136 - 1125))?
-32
Evaluate 376 + -351 + (-46 - 0).
-21
What is 6 + 0 - (-371 - -392)?
-15
Evaluate 6 + -4 + (-15 - -10) + 13.
10
What is 142 - 114 - ((4 - 4) + 10)?
18
What is the value of 8 + -9 + 4 + (3 - -3) + 5?
14
What is 6 - 0 - (94 + -83)?
-5
Evaluate -2 + (0 - 12) + 13.
-1
20 - (0 - (-13 + -22))
-15
Evaluate (12 - 16 - -22) + -23.
-5
What is the value of 30 + (5 + -6 + 9 - 21)?
17
What is (429 - 421) + -1 + (-2 - -13)?
18
Evaluate (13 - (18 - 51)) + -24 + 4.
26
What is 10 + -4 - 14 - -3?
-5
Calculate 8 + (6 + 0 - (31 + -31)) + -1.
13
Calculate (-18 - -30) + -6 - (-4 - (3 - 2)).
11
Calculate 3 + (-10 - (5 - 9) - (1 + -4)).
0
211 + -193 - ((8 - 0 - 2) + -3)
15
What is (-3 - -12) + -4 - 8 - -22?
19
What is -5 + 33 + 3 + -17?
14
What is (-43 + 27 - (-8 + 2)) + 8?
-2
Calculate 5 + -1 + (85 + -71 - (2 + 19)).
-3
9 - (9 - -8) - (8 + 0 + 2)
-18
Calculate 9 + (-7 - -24) + -16.
10
What is -2 - (-10 - (1 - (20 - 0)))?
-11
Calculate 2 + 16 - 1 - (273 + -262).
6
What is the value of 30 - (-2 - (16 - 49))?
-1
-19 - (-8 - (1 + (4 - 8)))
-14
What is 7 + (-14 - 2 - -16 - -6)?
13
Evaluate 0 + -1 + -128 + 158 + -5.
24
-7 - -4 - ((5 - 9) + 12)
-11
Calculate (13 - (11 + -16)) + -16.
2
What is (11 - 34 - -10) + 12?
-1
What is -90 - -81 - (-10 - (0 + -2))?
-1
Evaluate -9 - -8 - (-3 + 2).
0
What is (1 - 1 - 3 - (-6 - 3)) + 0?
6
Evaluate 0 + -3 + (2748 - 2750).
-5
Calculate -27 + (35 - 32) + 52.
28
What is -10 - (-17 + 0 + 7 - 5)?
5
Calculate 8 + -39 + (-16 - -34).
-13
What is 3 + (4 - 12) - ((-4 - -13) + -13)?
-1
Calculate 30 - ((-11 - (-1 + 2 - 21)) + 2).
19
What is 9 + 1 + -25 + 7 - -22?
14
Evaluate -5 - (-1 + -9 + -1).
6
-9 - (31 + -6 + -13)
-21
Evaluate (-1 - 7) + (10 - (-8 - (-24 + 8))).
-6
What is the value of -2 + 1 + -4 + (23 - (-40 - -41))?
17
What is 18 - (19 - ((26 - 3) + -5))?
17
What is the value of -6 + (-4 - 7 - 9 - -10) + -1?
-17
(49 - 19 - 13) + -27 - -45
35
Calculate (1 - (-9 + 10)) + 4 + -14.
-10
What is the value of -15 + (14 - 8) - (5 + 0)?
-14
0 + (-5 + 0 - (-50 + 51))
-6
What is -9 + -3 - (-13 - -11)?
-10
What is (6 - 22) + -42 + 35?
-23
What is the value of -6 + (4 + 2 - -2 - (-26 - -7))?
21
What is (1 - 0 - 6) + 1 + 14 - -7?
17
Calculate -81 - -75 - (2 + -14).
6
Evaluate -10 + 15 + 0 + -4 + 11.
12
What is the value of 11 + 11 + -50 - -14?
-14
18 - (15 + -1) - 7
-3
Evaluate (0 - -1) + -6 + 72 + -59.
8
Calculate -16 + (18 - 7) - (-2 + 0).
-3
(27 - 16) + (-18 - -6) + -14 + 5
-10
Evaluate 19 + (-10 - (-17 - -14)) + -29.
-17
Calculate -2 + 1 + 1 + 4 + 3 + 4.
11
What is (-27 - 39) + 58 - (1 + -1 + -25)?
17
What is the value of -12 - 1 - -12 - 15?
-16
Evaluate (-1 - -6) + -2 - (25 - -23 - 28).
-17
Evaluate -100 + 87 + 3 + (3 - 1 - 5).
-13
Calculate 0 + (60 - 45) + (-23 - -3).
-5
Evaluate (4 - -4) + -8 + -5 + 0 + 23.
18
Evaluate (-1 - -20) + 24 + (-27 - 7) + -2.
7
-10 + (25 - 7 - 12 - 3)
-7
Evaluate -8 + (1 - -7) + -